4. Let l be b(1). Calculate the greatest common divisor of 56 and l.
56
Let b = -46 + 76. Let i be (4/8)/(1/b). Let d(w) = -2*w - 27. Let n be d(-21). Calculate the greatest common divisor of i and n.
15
Suppose 722 = 44*o - 1434. What is the highest common factor of 49 and o?
49
Let w = 4282 + -186. What is the highest common factor of 16 and w?
16
Let g = -633 - -643. Let z = -87 - -167. What is the highest common factor of g and z?
10
Let h = -766 + 781. Calculate the highest common factor of 705 and h.
15
Let b(a) = -4*a**3 - 13*a**2 - 13*a - 59. Let v be b(-6). What is the highest common divisor of v and 5?
5
Let w = -1025 - -1265. Calculate the greatest common divisor of w and 320.
80
Let v = -3 - -17. Let i be 0 - (-23 + (3 - 1)). What is the highest common factor of v and i?
7
Let n = 10 + -6. Let q be n + -2 - (1 - 18). Let u(k) = 3*k - 2. Let i be u(7). Calculate the greatest common factor of q and i.
19
Let c = -2 + 7. Suppose 0 = -x - 4*q + 73, -3*x - c*q + 53 + 173 = 0. Suppose 2*k + 3*b = 20, -4*b - 4 + 12 = 0. Calculate the highest common factor of k and x.
7
Let m(n) = -n**3 + 18*n**2 - 43*n + 26. Let u be m(6). What is the greatest common factor of u and 720?
40
Suppose h + 3*q + 13 = 0, -q - 23 = h + 4*q. Suppose h*r - 1 = -7. Let w be ((-1)/r)/((-5)/(-75)). Calculate the greatest common divisor of w and 5.
5
Suppose 5*y + y + 204 = 0. Let d = 14 - y. Calculate the greatest common divisor of 32 and d.
16
Let q = 258 + -42. Calculate the greatest common divisor of 8 and q.
8
Let a(p) be the first derivative of -p**2/2 - p + 10. Let h be a(-5). Suppose -h*n + 6*n = 16. What is the highest common factor of n and 32?
8
Let t be ((-20)/(-8))/(15/12). Suppose 4*w = t*l + 2, 0 = 2*l + 3*w - 8*w + 3. Calculate the highest common divisor of l and 8.
1
Let l(t) = 2*t**3 - 7*t**2 + 10*t - 18. Let y be l(4). Calculate the greatest common factor of 513 and y.
19
Suppose -3*s - 5 - 7 = 0. Let b be (-5 - s)*1*-1*1. Let t be -1*(-1)/(3/9). Calculate the greatest common divisor of b and t.
1
Let k be (-5 - -2 - -5) + 2. Let p(i) = 3*i + 7. Let u be p(k). What is the greatest common factor of u and 209?
19
Let t = 640 + -530. Calculate the highest common factor of t and 374.
22
Suppose 0 = 1915*w - 1909*w - 540. What is the greatest common factor of 210 and w?
30
Suppose 0 = 2*b - 4*m - 358, 0 = 4*b + 5*m - 0*m - 690. Calculate the highest common divisor of b and 25.
25
Let u = 5 - 4. Let d be (-387)/(-6) - u*(-2)/(-4). What is the highest common factor of d and 32?
32
Let b = -491 - -871. What is the highest common factor of b and 38?
38
Let i = -13 - -6. Let w(z) = -z**2 - 9*z - 2. Let v be w(i). Suppose -l - 2*l = -v. What is the highest common factor of 20 and l?
4
Let r be 5660/(-14) - 6*(-3)/63. Let k = -124 - r. Calculate the greatest common factor of 28 and k.
28
Let r(w) = 8*w + 1. Let h be r(3). Let l(c) = 30*c + 9. Let f be l(-2). Let u be (75/(-2))/(f/136). Calculate the highest common divisor of h and u.
25
Let a(f) = 19*f - 133. Let j be a(17). Calculate the highest common divisor of j and 38.
38
Suppose l - 8 = -4. Let i = 53 + -50. Suppose -5*p = -4*a + 285, l*a - 347 = -a - i*p. Calculate the greatest common divisor of a and 10.
10
Suppose -2*y + 2*u = -1968, -118*y + 122*y - 3941 = 3*u. Calculate the highest common divisor of y and 43.
43
Let o(q) = q**2 + 2. Let p be o(1). Suppose p*u - 168 - 20 = 5*g, -180 = -3*u + 3*g. Calculate the greatest common factor of u and 28.
28
Let r be -34*-3*(-1)/6. Let v = r + 19. Suppose 2*m + 278 = 5*d, -3*d + 5*m + 174 = v*m. Calculate the greatest common factor of 6 and d.
6
Let l(k) = k**3 + 23*k**2 + 72*k - 20. Let x be l(-19). Calculate the greatest common divisor of 72 and x.
8
Let d be (94/(-6))/(2/(-6)). What is the highest common divisor of 1269 and d?
47
Suppose -352 = -4*f + 80. Let l = -68 + f. Calculate the highest common factor of 16 and l.
8
Let j(f) = -2*f**2 + 21*f - 20. Let p be j(8). Let g = p - -75. Calculate the greatest common factor of 38 and g.
19
Suppose 2*m - 2*c + 28 = 0, 8*m = 3*m - 4*c - 88. Let z = 13 + m. Let u be z + (-71 + 2)/(-3). Calculate the highest common divisor of u and 10.
10
Let w be 3171/24 - (246/48 + -5). What is the greatest common factor of 60 and w?
12
Suppose -37*m + 19*m + 540 = 0. Calculate the highest common factor of 15 and m.
15
Let o(q) = -q**2 - 23*q + 185. Let y be o(-27). Calculate the greatest common divisor of y and 21.
7
Let h(k) = k**3 + 9*k**2 + k + 6. Let i be h(-5). Suppose -i = -2*w + 183. Suppose -2*s + w + 100 = 0. What is the highest common factor of s and 11?
11
Suppose -11*x + 60210 = 3098. Calculate the greatest common divisor of 22 and x.
22
Suppose 0 = 2*p + 8, 2*t + p + 52 = 3*t. Suppose -49*h + 96 = -43*h. Calculate the highest common divisor of h and t.
16
Let y = -439 + 679. Suppose -5*p + 3*i = -0*i - 159, 2*i - 84 = -3*p. What is the highest common factor of p and y?
30
Let b(f) = 2*f**2 + 3*f - 2. Let x be b(-3). Let o = 39 + -25. Let i be o/21*(-63)/(-6). What is the greatest common factor of i and x?
7
Suppose 5*g = 10*g + o - 1603, -3*o + 1289 = 4*g. What is the greatest common factor of g and 20?
20
Suppose m + 0*m - 11 = 4*f, 0 = -2*m - 5*f + 22. Let y be (5 - (-2009)/21) + 5/(-3). What is the highest common factor of m and y?
11
Suppose 34 + 2 = s. Let u be 1/(3 + (-5)/((-20)/(-13))). Let z = s - u. What is the greatest common factor of z and 5?
5
Let i be 5966/114 - 2/6. Calculate the greatest common factor of 182 and i.
26
Let g = 507 + -354. Calculate the greatest common factor of 68 and g.
17
Let d(x) = 6*x**2 - 28*x - 385. Let b be d(-10). Calculate the highest common divisor of 18 and b.
9
Suppose 11*t - 224 = 7*t. Suppose 4*c = 3*v + t + 49, -c = v + 28. Let a = v - -60. What is the greatest common factor of 319 and a?
29
Let j(s) = 9*s**2 + s. Let a be j(-1). Let o = a - -12. What is the highest common factor of o and 40?
20
Suppose -5*d = -5*x + 1085, x - 4*d = 218 - 10. Suppose 220 = -10*l + 15*l. Calculate the highest common factor of l and x.
44
Suppose -2*f - 3*q + 103 = 0, 60 + 193 = 5*f + 3*q. What is the highest common factor of f and 24?
2
Let u = -28 - -40. Let h be ((-18)/(-8))/(1/u). Suppose -25*l + h*l - 154 = 0. What is the highest common divisor of 11 and l?
11
Let z = 24 - -30. Suppose 3*t - 52 = -2*s - 16, 4*t - z = -3*s. Calculate the highest common factor of s and 12.
6
Let w be 68 + (-5 + 1 - -4). Suppose -3*c - q - q = -w, 5*c - 124 = 2*q. Calculate the highest common factor of 6 and c.
6
Suppose 6*j + 168 = 2*j. Let q = j - -66. What is the highest common divisor of q and 40?
8
Let i(j) = 7*j**2 - j + 1. Let y be i(2). Suppose w + 6 = -2*w. Let z be 18/(1 + 3 + w). Calculate the highest common factor of z and y.
9
Let x be (99/198)/((-2)/(-2204)). Calculate the greatest common divisor of 87 and x.
29
Let i(q) = 2*q**2 - 17*q - 15. Let g be i(-13). What is the greatest common factor of g and 68?
68
Suppose 3*k - 110 = -5*d, -5*k + 2*d = -110 - 94. What is the highest common factor of k and 700?
20
Let t be (-30)/((-21)/14 + 1). Calculate the highest common factor of 110 and t.
10
Let n be 11/(2*(-3)/(-6)). Suppose 2*t + l = 15 + n, -80 = -4*t + 5*l. Calculate the greatest common factor of t and 195.
15
Suppose 0 = 4*z - 3*z - 5. Suppose 5*o + z = -w + 1, 5*w + 3*o = 68. What is the greatest common factor of 40 and w?
8
Let h = 39 + -27. Let i(k) = 10*k + 2. Let c be i(1). Let g be ((-4)/c)/((-2)/h). What is the greatest common divisor of g and 22?
2
Let x be (59/(-1))/(-1 + 0). Suppose 3*d - d = w + x, -4*w - 50 = -2*d. What is the greatest common factor of 217 and d?
31
Let z be (-4)/(-18) + 4896/(-162). Let c = z - -50. Calculate the greatest common factor of c and 5.
5
Suppose -8*l = -13*l - 50. Let k be (-45)/l*(-4)/(-6). Calculate the highest common divisor of 24 and k.
3
Suppose -9*b + 198 = 2*b. Calculate the greatest common factor of 81 and b.
9
Let c = 125 - 21. Suppose -17*t + 4*t = -c. Calculate the greatest common factor of t and 2.
2
Suppose -3*c = -647 + 218. Let t = -89 + c. Calculate the highest common divisor of t and 6.
6
Suppose -9 + 17 = 4*o. Let a(r) = -r**2 + 4*r - 1. Let j be a(3). Let m be (1/j)/(1/28). Calculate the highest common divisor of o and 